git of p?
2
Suppose 16*h - 42*h = -6604. What is the hundreds digit of h?
2
Suppose -5 - 11 = 4*d. Let y(g) = g**3 + 4*g**2 + g + 4. Let u be y(d). Suppose 4*o - 77 + 9 = u. What is the tens digit of o?
1
Suppose 0 = -3*g - 12, -2*r - 884 = 3*r - 4*g. Let u = -100 - r. What is the units digit of u?
0
Let z(p) = 19*p + 338. What is the hundreds digit of z(33)?
9
Suppose 2*b = 5*b - i - 11, -3 = -2*b + 5*i. What is the units digit of b*(75/35)/((-4)/(-35))?
5
Let f(l) = -l**2 - 23*l - 26. Let r be f(-18). Suppose 193 = 3*w + r. What is the tens digit of w?
4
Let z be 142/923 - (-3948)/26. Let m(o) = 5*o**2 - o - 4. Let p be m(3). Suppose -5*b + 8 = 5*v - z, b + 3*v = p. What is the units digit of b?
9
Let x be 0/(-1)*-1 - (-938)/(-7). Let w = x + 142. What is the units digit of w?
8
Let k(i) = -89*i + 2. Suppose -11*y = 17 - 6. What is the units digit of k(y)?
1
Suppose r - 6*r - 100 = 0. What is the tens digit of r/(-30) - 67/(-3)?
2
Let d = -81 - -83. What is the units digit of (-4)/((-48)/1890) + 3/d?
9
Let h(y) = 5*y**3 - y**2 - 2*y + 2. Let j = -38 + 41. What is the tens digit of h(j)?
2
Let z(r) = 33*r + 1. Let q be z(-1). Let p = -28 - q. What is the tens digit of p/3*(-162)/(-4)?
5
Let z(c) = -c**3 + 8*c**2 - 7*c. Let u be z(6). Let b = 71 - u. What is the tens digit of b?
4
Let r = -28 - -970. What is the hundreds digit of r?
9
What is the units digit of -10*(-24)/28*532/57?
0
Let a = -14 - -16. Suppose -d - 1 = 2*g, g - d - a*d - 3 = 0. Suppose 5*h + z + 0*z - 55 = g, -4*h + 3*z = -44. What is the tens digit of h?
1
Let w(v) = 2*v**3 + 4*v. Let a be w(-3). Suppose 0 = -4*y - 2*n - 192, 2*y - 5*y + n = 139. Let r = y - a. What is the tens digit of r?
1
Let q(s) = s**3 + 19*s**2 + 19*s + 22. Let y be q(-18). Suppose 3*x - 6*l - 90 = -y*l, 3*x - 3*l - 87 = 0. What is the tens digit of x?
3
Let r(y) = 13*y - 98. What is the units digit of r(13)?
1
Let q(u) = -u**2 + u + 9. Suppose 4*l = 5*l. Let o be q(l). Let d(i) = -i**3 + 10*i**2 - 5*i - 4. What is the units digit of d(o)?
2
Let r(b) = b**3 - 9*b**2 + 8*b + 2. Let g be r(8). Suppose 0 = g*m - 5*m + 12. Let i(s) = -s**3 + 6*s**2 - 5. What is the tens digit of i(m)?
2
Suppose 125*x - 122*x = 1725. What is the hundreds digit of x?
5
Suppose 2*b - 7 = -b - 5*x, 23 = 5*b - 3*x. Suppose -34 = -6*g + b*g. Suppose -4*o = -7 - g. What is the units digit of o?
6
Suppose -2058 - 4002 = -10*a. What is the hundreds digit of a?
6
Let p(b) = -2*b + 13. Let q be p(9). Let j(f) = -11*f + 4. What is the units digit of j(q)?
9
Suppose -4*v = -v - 1890. Let m = v + -422. What is the hundreds digit of m?
2
What is the tens digit of (-27222)/(-52) - (-2)/4?
2
Suppose 0 = -5*v + 53 - 43. Suppose -3 + 182 = v*y + 3*b, 2*y - b = 167. What is the tens digit of y?
8
Suppose 4*y - 16 = 2*y. What is the units digit of y?
8
Suppose -u = 5*r - 315 + 50, 4*u + 2*r - 1078 = 0. What is the tens digit of u/20 + 1/(-2)?
1
Let m(v) = v**2 + 2*v - 1. Let k be m(-3). Suppose -k*o = -o - 7. Let i = o + 3. What is the units digit of i?
0
Let r(p) = p**2 + 7*p + 5. Let q be r(-4). Let g(k) = k**3 + 7*k**2 - 5*k - 10. What is the units digit of g(q)?
5
Let y(n) = n**3 - 5*n**2 + 17*n - 2. Let u(r) = 4*r**2 + 18*r - 3. Let m be u(-5). What is the tens digit of y(m)?
1
Let h be -4 - 3/6*-2. What is the units digit of h/8 + 1353/24?
6
Let g = 976 - -1648. What is the hundreds digit of g?
6
Suppose 1270 = 3*p + 5*u, 4*p + u = -u + 1684. What is the hundreds digit of p?
4
Let x(o) = 1 - 2*o + 0 + 5*o. Suppose 3*j - 3*t - 3 = 0, -3*j = -2*t - 0*t - 8. What is the units digit of x(j)?
9
Suppose -2569 - 2491 = g. Let i be (-2)/7 - g/(-28). Let b = -128 - i. What is the units digit of b?
3
Let d(s) = -5*s + 51. Let b be d(22). Let o = 88 + b. What is the units digit of o?
9
Let z(a) = -a**2 - a. Let n be z(-1). Suppose 4*x - 5*x - 7 = n. What is the tens digit of (-556)/(-14) + (-2)/x?
4
Let i(m) = 2*m**2 + 2*m. Let u be ((-3)/3)/1 - 1. Let l be i(u). Suppose -82 = -l*h - 6. What is the tens digit of h?
1
Let r(k) = k**3 - k**2 + 27. Let d be r(0). Let l = -12 + d. What is the units digit of l?
5
Let q = 1476 - 784. What is the units digit of q?
2
Let b(t) = 844*t + 1. Let q be b(1). Suppose -11*n + 6*n + q = 0. What is the tens digit of n?
6
Suppose 7 = 4*f - 45. Suppose 15 = -5*r, 0 = -2*o - 2*r + 61 + f. What is the tens digit of o?
4
Let a be (-2)/(-7) - 6*(-6)/(-126). Suppose -6*d + 300 + 114 = a. What is the units digit of d?
9
Let m be (0 + -1)/(5/(-15)). Suppose 4*o - m = 3*o. What is the units digit of o?
3
Suppose 0 = 37*r - 64*r + 116235. What is the hundreds digit of r?
3
Suppose -36 = -3*b - 6*b. Suppose -b*j + 3*k + 254 = 0, -5*k + 10 = -0*k. What is the tens digit of j?
6
What is the tens digit of ((-474)/(-8))/(60/640)?
3
Suppose -22 - 6 = 2*u. Let x = 22 + -13. Let y = x - u. What is the tens digit of y?
2
Suppose 0 = -5*l + 5*u - 15, -2*l = 3*l - 2*u. Suppose -2*x + 16 = -l. Let d(p) = -p**2 + 11*p + 11. What is the units digit of d(x)?
9
Let x = 7 - 12. What is the units digit of (-2*x/(-20))/((-1)/84)?
2
Let a(z) = -4*z**3 - 32*z**2 - 7*z - 20. What is the hundreds digit of a(-9)?
3
What is the units digit of 2/(-4) + 2698/4?
4
Let s = 18 - 16. Suppose -a + 68 = s*v, 4*a + 229 - 85 = 5*v. What is the units digit of v?
2
Let s = 1386 - -1422. What is the thousands digit of s?
2
Suppose 99*g = 96*g + 1320. What is the units digit of g?
0
Let v = 1467 + -894. What is the hundreds digit of v?
5
Let r = 56 + -16. Suppose o - 3*o + 40 = 3*g, 0 = 5*g - 2*o - r. Suppose 104 = 2*d + g. What is the units digit of d?
7
Let y be 7/(7/4) - 0. What is the units digit of 3*y*(-14)/(-8)?
1
What is the hundreds digit of (-9)/(-27) + (-1329)/(-9)?
1
Let b = 2 + 114. What is the hundreds digit of b?
1
Suppose 3*l - 6168 = -3*o, -3*o = -7*l + 11*l - 8221. What is the tens digit of l?
5
Suppose -101*n + 106*n - 35 = 0. Suppose -n*y + 205 = -600. What is the tens digit of y?
1
Suppose -5*i - 30 = -2*a, 3*a + 4*i - 1 = -2. Suppose 4*d = -f + 3*d + 74, 370 = a*f - 2*d. What is the tens digit of f?
7
Suppose 6*l - 3*l - 965 = -2*k, -2*k + 2*l + 940 = 0. Suppose -3*b + k - 139 = 0. What is the tens digit of b?
1
Let r = 5 + 1. Suppose -6 = -4*z - 2*v + 10, 3*z - 1 = 4*v. Suppose -2*n + r = -5*n + 5*f, 0 = 2*n - z*f + 3. What is the units digit of n?
3
Let p(n) = n**3 - 7*n**2 + 6*n - 1. Let x be p(6). Let y(m) = 2*m - 15*m + 6*m - 6*m. What is the tens digit of y(x)?
1
Let k(m) = -m**3 + 9*m**2 - 4*m - 2. Let h = 19 + -11. What is the units digit of k(h)?
0
Let l = -436 - -1035. What is the units digit of l?
9
Let x(l) = 112*l**2 + 1. Let c = -66 + 65. What is the units digit of x(c)?
3
Let z = 32 + -29. Suppose -318 = -4*c - u + z*u, 4*u = -20. What is the tens digit of c?
7
Suppose 2*i - 980 = -4*p, -40*p + 2*i = -36*p - 964. What is the units digit of p?
3
Let f(u) = -3*u - 36. Let t be f(-13). Suppose -212 = -2*z + s, 317 = 6*z - t*z - s. What is the units digit of z?
5
Suppose 5*w - w = p - 13, 5*w = 3*p - 25. Let l(f) = -f**3 - 5*f**2 - f. Let q be l(-5). Suppose -x + p = -q. What is the tens digit of x?
1
Suppose -h + 0*h + 103 = -a, -3*h + 293 = 5*a. What is the hundreds digit of (h/(-2))/((-7)/(-56)*-4)?
1
Let r = 1083 - 488. What is the hundreds digit of r?
5
Suppose -1635 = -5*p + 5*n, 204 = -5*p - 2*n + 1867. What is the units digit of p?
1
Suppose -407 - 1069 = -3*x. What is the tens digit of x?
9
Suppose -2*f - 14 = -4*f. Suppose -15*o + f*o = -368. What is the tens digit of o?
4
Suppose -3*a + 4*c + 29 = 0, -3*a - c = -5*a + 21. Suppose 1461 = -a*r + 3694. What is the tens digit of r?
0
Let w(q) = -q**3 + 37*q**2 + 89*q + 28. What is the units digit of w(39)?
7
Suppose 8*t - 10*t - 2*a = -2950, -5*a = -4*t + 5900. What is the thousands digit of t?
1
Suppose -5*b = s - 1301, -8*s - 6424 = -13*s + 2*b. What is the thousands digit of s?
1
Suppose 56*l + 13134 = 248446. What is the tens digit of l?
0
Let h be ((-282)/9 + 0)*9/6. Let d(b) = -80*b. Let m be d(-1). Let n = h + m. What is the units digit of n?
3
Let r(n) = -9*n - 3. Let h be r(2). Let a = h - -48. What is the units digit of a?
7
What is the tens digit of (-5226)/(-208) - 2/16?
2
Let d = 2354 + -1340. What is the thousands digit of d?
1
Let m = 2149 - 1414. What is 